late the greatest common divisor of t and 116.
29
Suppose 0 = -7*o - 4 + 18. Suppose -4 = -4*r, -r - 2618 = -5*t + o*t. Let i be t/18 + 2/(-4). What is the greatest common factor of i and 72?
24
Let o(z) = -2*z**2 - 2*z. Let i be o(-6). Let q be 12/i + (-31)/(-5). What is the highest common divisor of q and 30?
6
Let a = 32 - 45. Let k = -5 + a. Let u = 19 + k. Calculate the highest common divisor of u and 2.
1
Let g = 163 - 163. Suppose -164*b + 166*b - 100 = g. Suppose 66 + 9 = 3*h. Calculate the highest common factor of h and b.
25
Let v be (14/3 + -2)*-15. Let x be ((-21)/(-4))/((-6)/v). Suppose 3*l - 70 = -2*l. Calculate the greatest common divisor of l and x.
7
Suppose 0 = 3*j - 5*j - 70. Let y = -33 - j. Suppose 2*v = -y*v + 56. Calculate the highest common divisor of v and 70.
14
Suppose 0 = -5*s + 4*m + 10 + 10, 5*s + 3*m + 15 = 0. Suppose -8 = 4*z - s*z. Let u be 1/(-1) + (z - -5). Calculate the highest common divisor of 10 and u.
2
Let g(v) = 52*v - 55. Let y be g(9). What is the greatest common divisor of 7 and y?
7
Let i(l) be the third derivative of l**6/120 - l**5/4 - 7*l**4/12 + 7*l**2. Let t be i(16). What is the highest common factor of 8 and t?
8
Let c = 51 - 49. Suppose 0 = c*z - 4*i - 0*i - 272, -5*i = -3*z + 406. Calculate the greatest common divisor of 44 and z.
44
Let x = 1000 + -792. What is the highest common factor of 39 and x?
13
Let n be 3549/65*(-10)/(-3). Calculate the highest common divisor of 14 and n.
14
Let b = 22 + -17. Suppose -2*s - b*h = -19, 0 = 2*s - 6*s - 3*h + 17. Calculate the highest common factor of 7 and s.
1
Let u(v) = -7*v + 35. Let n be u(4). Calculate the highest common factor of 7 and n.
7
Let s(o) = -80*o**3 - o**2 + 1. Let n be s(-1). Suppose 0 = -7*l + 4*l - 57. Let f = -9 - l. What is the greatest common factor of f and n?
10
Suppose -100 = -30*p + 28*p. Let u be p*(-2 + (-15)/(-5)). Let k be 17 - 15 - (0 + -8). Calculate the greatest common factor of u and k.
10
Let b(q) = q**2 - 12*q + 67. Let s be b(7). What is the greatest common factor of 72 and s?
8
Suppose 5*f + 235 = -5*o, 0 = 3*f - o + 83 + 58. Let a = 70 - f. Calculate the greatest common factor of a and 78.
39
Suppose -5*j = 5 - 0. Let v be (-34)/(-51)*(8 - j). Calculate the greatest common divisor of v and 24.
6
Let j be 9/(-2)*(3 - 5). Let a be 6 + j - (0 - -1). Suppose 2*k + 28 = 168. What is the highest common divisor of k and a?
14
Let z be (-1)/((-17)/(-204)*3/(-4)). Suppose -i = -2*i - 5*m - 22, -5*m - 14 = -3*i. Let n be (-7)/i + 4/8. What is the highest common divisor of n and z?
4
Let s(v) = -v + 10. Let r be s(5). Let h be ((-2)/(-6))/(r/30). Suppose 4*i = -h*o + 228, 5*i = 2*o - 40 + 316. Calculate the highest common factor of 14 and i.
14
Let x(g) be the second derivative of -g**4/12 + 3*g**3/2 - 2*g. Let m be x(9). Suppose m = -r + 9. Calculate the greatest common divisor of r and 36.
9
Suppose -3*a + 4*g = -536, 4*g - 3*g = 2*a - 359. Calculate the highest common divisor of a and 63.
9
Let y(r) = -10*r - 7. Let m be y(-7). Let w be (-476)/(-30) - 2 - 20/(-150). What is the highest common factor of m and w?
7
Let q be (12/18)/((-19)/(-3021)). Calculate the greatest common divisor of 4 and q.
2
Let q be ((-28)/84)/(2/(-54)). What is the highest common factor of q and 225?
9
Suppose -355*x + 350*x = -40. Calculate the highest common factor of x and 6.
2
Suppose 51 = 2*d - 2*g + 33, -g + 47 = 3*d. What is the greatest common divisor of 2338 and d?
14
Let n = -44 + 56. Calculate the highest common factor of 21 and n.
3
Suppose -j + 3*j = 60. Suppose -16*t = -14*t - 24. Calculate the greatest common divisor of j and t.
6
Let y(x) = 14*x + 1. Let z be 70/(-12) + (-3)/18. Let j be (-15)/(-21) - z/21. Let n be y(j). What is the greatest common factor of n and 30?
15
Let q = 1360 - 1316. What is the highest common divisor of 8 and q?
4
Let y be (-15*(-1)/2)/(24/48). Let n = 98 - -22. What is the greatest common factor of n and y?
15
Suppose -12*p + 7*p + 205 = 0. Let l = 59 - p. Calculate the highest common factor of l and 6.
6
Let m(y) = -y**3 + 3*y**2 + 9*y + 11. Let h be m(5). What is the greatest common factor of h and 360?
6
Let p = -683 + 705. Calculate the highest common factor of 154 and p.
22
Suppose -v - v = 5*f - 47, 143 = 5*v + 4*f. Let a be (12/2)/((-9)/(-186)). Calculate the greatest common factor of a and v.
31
Let h(s) = s**2 + 13*s + 1. Let r be h(-14). Let j be (1 + -2)/(-1) + 44. Calculate the highest common factor of j and r.
15
Let c(o) = o**2 - 18*o - 14. Let i be c(19). Suppose m - i*m = 5*x - 970, -3*x + 5*m + 619 = 0. Calculate the greatest common divisor of x and 18.
18
Let o(y) = -y**2 + y + 5. Let n be o(0). Suppose s + x - 12 = 2*x, 0 = -n*s - 3*x + 28. Let r = 17 - s. Calculate the greatest common divisor of r and 9.
9
Suppose -z - p + 4 = 0, -8 - 6 = -2*z - 4*p. Let l be (2/(-1) - 42/(-6))*z. Suppose 0 = 3*n - 4*n + 20. What is the greatest common factor of l and n?
5
Suppose 12*f - 13*f = -10. What is the greatest common factor of 160 and f?
10
Let a = -16 + 25. Let m(h) = -h**3 + 8*h**2 + 6. Let r be m(5). Calculate the highest common divisor of r and a.
9
Let h(s) = s**2 - 21*s - 134. Let t be h(-8). What is the highest common factor of t and 1127?
49
Let p = 39 + 36. Suppose 3*t + 2*t - 305 = 0. Suppose 59 = 4*s - t. What is the greatest common factor of p and s?
15
Suppose 2*a - 300 = -3*a. Let u = -36 + a. What is the greatest common factor of u and 60?
12
Let b = -389 + 392. Let l = 2 + 0. Suppose -l*v + 61 = b*v - c, 2*v - 27 = 3*c. What is the highest common divisor of 12 and v?
12
Suppose -b = 7*b - 128. Calculate the highest common factor of 1 and b.
1
Let v(d) = 31*d - 21 - 44*d + 4*d**2 - 5*d**2. Let y be v(-14). Let c be (-304)/(-10) - (-14)/y. Calculate the greatest common factor of c and 75.
15
Let c = -4 + 7. Let l = -388 - -394. Calculate the greatest common divisor of c and l.
3
Let o(k) = -9*k**2 + 86*k + 7. Let i be o(9). What is the greatest common divisor of 1274 and i?
26
Let k be 1 + 0 + 12/4. Suppose h + 30 = k*h. Let g be 422/h + (-1)/5. What is the highest common factor of 28 and g?
14
Suppose -2*f + 7 + 3 = 0. Suppose 2*n + 4*z + 109 = f*n, 4*n + 5*z = 135. Calculate the greatest common divisor of 7 and n.
7
Let o be (8 - 6)/(4/18). Calculate the highest common divisor of o and 15.
3
Suppose -2*t - 10 = 4*y - 46, 3*y + 72 = 4*t. Calculate the highest common factor of t and 6.
6
Let y be ((-378)/35)/((-6)/40). Let q(x) = -5*x**2 - 30*x - 1. Let w be q(-5). Calculate the greatest common divisor of y and w.
24
Let c be 14 + 3 + (-16)/4. Suppose -c*v + 11*v = -228. What is the highest common divisor of v and 76?
38
Let m be (-1 - -1) + -7 + 9. Suppose 4*a - 2*y = m, a + y - 5*y = 11. Let h be 5*a*60/(-100). Calculate the greatest common divisor of 21 and h.
3
Let x(t) = -4*t + 132. Let a be x(32). Let o(j) = j**3 - 2*j + 0*j**2 + 4 - 3*j**2 + 2. Let b be o(a). Calculate the greatest common divisor of 14 and b.
14
Let b be ((-18)/(-15))/((-9)/(-30)). Let j be b/18 + (-1455)/(-135). Calculate the highest common factor of j and 1.
1
Suppose 3*r + 55 = 3*c + 2*c, -c - 43 = 3*r. Let a be (1*-22)/1 + 2. Let b be ((-6)/r)/((-1)/a). Calculate the greatest common divisor of 8 and b.
8
Let i(a) = a - 11. Let r be i(12). Let z be 18/(-9)*r/1. Let k = z - -8. Calculate the highest common factor of 15 and k.
3
Let w(k) = k**3 - 24*k**2 + 17*k - 16. Let g be w(23). Let v = g + 184. What is the greatest common factor of 210 and v?
30
Let u(z) = 11*z - 5. Let b be u(1). Suppose 0 = 5*h - 4*h - b. Suppose 5*q - 278 = 2*y, 0 = -5*q + q + y + 220. What is the highest common factor of q and h?
6
Suppose 0 = -2*x + b + 13, 36 = 4*x - 5*b + b. Let h(j) = 10*j + 8. Let q be h(x). Calculate the greatest common factor of q and 16.
16
Suppose 129 = 2*c + i, -2*c + c + 64 = i. What is the greatest common factor of 39 and c?
13
Let s = -43 + 367. Calculate the greatest common divisor of s and 72.
36
Let j be (-21)/(-63)*102/2. Calculate the highest common factor of j and 425.
17
Let o(v) = 13*v**3 - v**2 - 3*v + 3. Let i be o(1). Let k be 2/6 - 2/i*-82. What is the greatest common factor of k and 70?
14
Suppose -7*u - 15 = -10*u. Suppose 2*p + 144 + 52 = 4*o, -u*o - p + 245 = 0. Suppose f -